et t = -50 + 70. Suppose 4*k + 0*k = -t. Let v = 10 + k. What is the units digit of v?
5
Let x be ((-9)/6)/(3/(-4)). Let p be 0*(x - 9/6). Suppose 0 = -5*b - p*b + 50. What is the tens digit of b?
1
Let g be 1 + 8*-1 - -1. Let x = g + 21. What is the tens digit of x?
1
Suppose -1008 = -6*h - 3*h. What is the units digit of h?
2
Let x(r) = -r**2 - 9*r + 5. Let l = 6 - 26. Let y = l - -12. What is the units digit of x(y)?
3
Suppose 0*c - 2 = -c - 4*a, -5*a + 2 = c. Let o(b) = 7*b**2 + 4*b**c + 1 + b**2 + b. What is the units digit of o(-1)?
2
Suppose 0*o = o - 89. Let k = o + -39. Suppose 0 = 6*t - t - k. What is the units digit of t?
0
Let m(f) = -15*f + 2. What is the units digit of m(-4)?
2
Let y(d) = d**2 + d - 1. Let t be y(2). Let o be 5 + (0/1)/(-3). Suppose -13 = -m + o*g, -4*g - g + 5 = t*m. What is the units digit of m?
3
Suppose y + 0*l = l, -3*l = -4*y + 2. Suppose -16 - 22 = -y*x + 2*h, 4*x + 2*h = 82. What is the units digit of x?
0
Suppose 2*y - j + 5*j + 12 = 0, -3*y + 37 = -5*j. Suppose -4*m + 8 = y*t, 2*t = -5*m + 2*m + 6. Suppose v + 8 - 24 = t. What is the units digit of v?
6
Suppose 305 = d + 4*d. What is the tens digit of d?
6
Suppose 192 = -7*w + 10*w. What is the units digit of w?
4
Let k(d) = -d**3 + 2*d**2 + d. Let v be k(-1). Let i = -17 + 19. Suppose 0*s = -v*s + i. What is the units digit of s?
1
Suppose -r + 208 = -3*a, 2*r - 6*a - 408 = -2*a. What is the hundreds digit of r?
1
Suppose 0 = -5*f + 5. Suppose -2*j + f = g - 3, 17 = 5*j - g. What is the units digit of 13 + 2 + j + -3?
5
Let o = 5 - 1. Let h = 10 - o. What is the units digit of h?
6
Suppose -4*s - 4*c = -132, s + 98 = 4*s + 4*c. Let d = -6 + s. What is the tens digit of d?
2
Let c be ((-111)/(-6))/((-3)/(-6)). Suppose 4*b + 3*n - c = 3*b, -3*n + 117 = 3*b. What is the tens digit of b?
4
Let s be ((-7)/(-14))/(2/(-28)). What is the units digit of (-1)/(-2)*(-70)/s?
5
Suppose 8 + 12 = 5*w. Suppose w*b = g + 168, 12 = -7*g + 4*g. What is the tens digit of b?
4
Let x be -3 - 5/(20/(-16)). Suppose -3*k + 21 + 18 = 3*h, -3*k - x = -h. What is the units digit of h?
0
Let o = 1 - -6. Let n = 14 - o. What is the units digit of n?
7
Let b(x) = -x**2 - 7*x - 9. Let m be b(-6). Let g = m + 14. What is the tens digit of g?
1
Let v(d) = 6*d**2 + d + 7. What is the tens digit of v(3)?
6
Suppose 0 = -0*v - v + 21. Suppose v = 2*l - 3*m, -2*l - m = 4*m - 29. What is the units digit of l?
2
Suppose 5*r + 2*p = -3 - 22, 2*p - 45 = 5*r. Let v be 37/r + 10/35. Let d = 1 - v. What is the units digit of d?
6
Let j(n) = 3*n**2 + n + 1. Suppose 3*g + 3*f + 0 = -6, 0 = -2*g + 2*f. What is the units digit of j(g)?
3
Let r(a) = -a + 23. What is the units digit of r(15)?
8
Let c(w) = -7*w - 6. What is the tens digit of c(-3)?
1
Let c(z) = -z**2 + 7*z - 5. Let o be c(5). Suppose o*j + 10 = 50. What is the units digit of j?
8
Let s = -8 + 12. Suppose -5 = s*x - 9*x. Suppose -x + 0 = -q + 2*u, 0 = -q + 3*u + 1. What is the units digit of q?
1
Let m = -3 - -5. What is the units digit of 1 + 10*(m - 1)?
1
Let w = 6 + -2. Suppose w*r - 96 = 4*o, 10 = 3*o - o. What is the tens digit of r?
2
Let z = 29 - 11. Let p be 4/z - 48/(-27). What is the units digit of 78/8 - p/(-8)?
0
Let c(k) = -k - k - 7 + 1. What is the units digit of c(-4)?
2
Let b(i) = i**2 - 3*i + 1. Let p be b(4). Suppose -p*g + 13 = 4*k, k + 4*g - g = -2. What is the units digit of k?
7
Let n(q) = -q**3 + 9*q**2 - 7*q + 4. Let k be 15*(12/15)/(-2). Let p(y) = -y**3 - 7*y**2 - 7*y + 2. Let h be p(k). What is the tens digit of n(h)?
1
Let w(x) = 78*x**2 + x - 2. What is the tens digit of w(1)?
7
Let g = 20 - -47. What is the tens digit of g?
6
Suppose x - 5*x = -c - 29, -5*x = 5*c - 5. Let g be x + -8 - (0 - -6). Let d = g - -14. What is the units digit of d?
6
Suppose 6 = 2*l, 3*p - 2*l = -p - 6. Let o = p - -4. Suppose o = 2*a - 2. What is the units digit of a?
3
Let i = -7 - -5. What is the units digit of (8/(-6))/(i/6)?
4
Let m(r) = r**2 - 5*r + 8. What is the tens digit of m(7)?
2
Suppose -n + 204 = -3*f - f, 5*f - 774 = -4*n. What is the hundreds digit of n?
1
Let y(g) = -g**3 + 4*g**2 + 2*g. Let a be y(4). Suppose -6 = -3*f - 0. Suppose f*z + 0*z - a = 0. What is the units digit of z?
4
Let y = -152 + 162. What is the tens digit of y?
1
Suppose y = 6*y + 4*o - 99, -4*y = -o - 75. Suppose -y = -g + 3. What is the tens digit of g?
2
Suppose -5*t = -x - 148, -3*t + 7*t = -x + 122. What is the tens digit of t?
3
Let y(q) = 44*q**2. Let t be y(-1). Let j = t - 21. What is the tens digit of j?
2
Suppose 0 = -3*o + 3*i + 528, 7 = -2*i + 1. What is the tens digit of o?
7
Let d be (2/7)/((-5)/(-35)). Suppose t + d*k + 2*k + 13 = 0, 0 = -t + 3*k + 15. Suppose -t*l + 26 = 2*c, 4*c - 19 = 3*c - 3*l. What is the units digit of c?
7
Let s be 22*3 + (-3 - -1). What is the units digit of (s/24)/(4/6)?
4
Suppose 2*w - 14 = 3*w. Let c be -7*(2 + -4 + 3). Let g = c - w. What is the units digit of g?
7
Suppose -v - 102 + 104 = 0. What is the units digit of v?
2
Let s(g) = 86*g**2 + 3*g - 3. What is the units digit of s(1)?
6
Let f be ((-4)/(-5))/((-2)/(-5)). Let q = -2 + f. What is the units digit of (1 - q)*(0 + 1)?
1
Let i(t) = -t**2 + 19*t - 19. What is the units digit of i(12)?
5
Let g(u) = -u**3 + 7*u**2 - 3*u - 16. What is the units digit of g(6)?
2
Let i = 106 - 27. What is the units digit of i?
9
Let u(l) be the third derivative of -5*l**4/24 - 9*l**2. What is the units digit of u(-3)?
5
Suppose -9*y = y - 1330. What is the units digit of y?
3
Let o = 342 + -181. What is the units digit of o?
1
Suppose -4*z = z - 15. Suppose -5*x + 14 = -k + z*k, -4*k - 2 = -5*x. Suppose x*m = 12 - 0. What is the units digit of m?
6
Let c = -8 - -14. Suppose m + 100 = c*m. What is the units digit of m?
0
Suppose 0*x + 40 = 5*x. Suppose -5*d + 42 = -x. What is the tens digit of d?
1
Let s be 0/(5/(5/2)). Suppose -k + 0*k + 31 = s. What is the units digit of k?
1
Let u(b) = -b**2 + b + 1. Let p be u(-1). Let n(y) = 3*y**2. Let w be n(p). What is the units digit of (-4)/w*(-6)/4?
2
What is the units digit of -26*10/(-20)*(0 - -5)?
5
Suppose 0 = 3*k + 2*a - 229 - 375, 0 = -2*a + 10. What is the tens digit of k?
9
Suppose 2*c + 2*o = -o + 86, -154 = -4*c + 3*o. What is the units digit of c?
0
Suppose 14*x + 150 = 17*x. What is the units digit of x?
0
What is the units digit of (1 - 19)*(1 + (-26)/3)?
8
Let r = 9 + 60. What is the tens digit of r?
6
Let f be (-28)/(-13) - 2/13. Suppose 36 = 2*w + f*w. What is the units digit of w?
9
Suppose -5*u = 0, u - 5*u + 141 = 3*z. Let d = z + -23. Suppose -2*i = i - d. What is the units digit of i?
8
Let w = 72 + 20. What is the units digit of w?
2
Let f be 64/28 + (-4)/14. Suppose -f*j - 1 - 1 = 0. What is the units digit of (3 + -10)*(-2 - j)?
7
Let t(j) = 11*j**2 - 1. Let s = -2 + 3. What is the tens digit of t(s)?
1
Let j = -2 + 27. Suppose 5*c + j = 125. What is the tens digit of c?
2
Suppose 3*m - 555 = -2*m. What is the tens digit of m?
1
Let z = -11 - -7. Let s = z - -14. What is the units digit of s?
0
Let h(x) = -x**2 - 13*x - 16. Let a be h(-11). What is the units digit of (-24)/9*a/(-4)?
4
Let j be (-20)/(-8)*(-4)/5. What is the units digit of (-16 + 7)*(j + 1)?
9
Suppose u + 7 = 4*t - 2*u, 25 = -5*u. Let c be (t + 2 + -2)/(-1). What is the units digit of 9/c*(-8)/(-6)?
6
Let z = 25 - 4. What is the units digit of -21*(z/(-9) - -2)?
7
Suppose -1 = -3*f + 8. Suppose 0 = -f*g + 13 + 5. What is the units digit of g?
6
What is the units digit of 1/(37/12 + -3)?
2
Let u(d) = 6*d**3 + d**2 - 2*d + 1. Let p be u(1). Suppose -p*k + 26 - 8 = 0. What is the units digit of k?
3
Let y be (126/35)/(2/15). Suppose 4*n - y = n. What is the units digit of n?
9
Let n(t) = 19*t - 2. What is the units digit of n(2)?
6
Suppose 2*m = 5*m - 6. Let y be (-3)/5 - m/5. Let f = y + 2. What is the units digit of f?
1
Suppose 2*o = m - 40, 2*o = -3*m + 7*o + 115. Suppose -4*h = h - m. What is the units digit of h?
6
Suppose 5*v - 48 = -y, 4*y + 3*v = -y + 240. What is the units digit of y?
8
Let u = 125 + 68. What is the units digit of u?
3
Suppose 13 = -h + 50. Let s = h + -25. What is the tens digit of s?
1
Let l(x) = x**3 + x**2 - 1. Let s(i) = 7*i**3 + 8*i**2 - i - 10. Let o(v) = -6*l(v) + s(v). What is the units digit 